{"id":385,"date":"2023-09-22T13:00:22","date_gmt":"2023-09-22T11:00:22","guid":{"rendered":"https:\/\/blog.merco.info\/?page_id=385"},"modified":"2025-09-01T17:04:49","modified_gmt":"2025-09-01T15:04:49","slug":"tribuna-dircom","status":"publish","type":"page","link":"https:\/\/blog.merco.info\/index.php\/tribuna-dircom\/","title":{"rendered":"Tribuna Merco"},"content":{"rendered":"\n<div class=\"wp-block-group is-layout-flow wp-block-group-is-layout-flow\"><div class=\"wp-block-group__inner-container\">\n<div class=\"wp-block-group is-layout-constrained wp-block-group-is-layout-constrained\"><div class=\"wp-block-group__inner-container\">\n<div class=\"wp-block-group is-layout-constrained wp-block-group-is-layout-constrained\"><div class=\"wp-block-group__inner-container\">\n\t\t\t<div class=\"wp-block-uagb-post-grid uagb-post-grid  uagb-post__image-position-top uagb-post__image-enabled uagb-block-1c65976d     uagb-post__items uagb-post__columns-2 is-grid uagb-post__columns-tablet-2 uagb-post__columns-mobile-1 uagb-post__equal-height\" data-total=\"2\" style=\"\">\n\n\t\t\t\t\t\t\t\t\t\t\t\t<article class=\"uagb-post__inner-wrap\">\t\t\t\t\t\t\t\t<div class='uagb-post__image'>\n\t\t\t\t\t\t\t\t\t<a href=\"https:\/\/blog.merco.info\/index.php\/2025\/09\/03\/osmosis-reputacional\/\" target=\"_self\" rel=\"bookmark noopener noreferrer\" class='uagb-image-ratio-inherit'><img loading=\"lazy\" width=\"640\" height=\"480\" src=\"https:\/\/blog.merco.info\/wp-content\/uploads\/2025\/09\/\u00bfTiene-la-empresa-privada-mejor-reputacion-que-la-publica-1.png\" class=\"attachment-large size-large\" alt=\"\" decoding=\"async\" srcset=\"https:\/\/blog.merco.info\/wp-content\/uploads\/2025\/09\/\u00bfTiene-la-empresa-privada-mejor-reputacion-que-la-publica-1.png 1024w, https:\/\/blog.merco.info\/wp-content\/uploads\/2025\/09\/\u00bfTiene-la-empresa-privada-mejor-reputacion-que-la-publica-1-300x225.png 300w, https:\/\/blog.merco.info\/wp-content\/uploads\/2025\/09\/\u00bfTiene-la-empresa-privada-mejor-reputacion-que-la-publica-1-768x576.png 768w, https:\/\/blog.merco.info\/wp-content\/uploads\/2025\/09\/\u00bfTiene-la-empresa-privada-mejor-reputacion-que-la-publica-1-800x600.png 800w\" sizes=\"(max-width: 640px) 100vw, 640px\" \/>\t\t\t\t\t<\/a>\n\t\t\t\t\t\t\t<\/div>\n\t\t\t\t\t\t<h4 class=\"uagb-post__title uagb-post__text\">\n\t\t\t\t<a href=\"https:\/\/blog.merco.info\/index.php\/2025\/09\/03\/osmosis-reputacional\/\" target=\"_self\" rel=\"bookmark noopener noreferrer\">\u00d3smosis reputacional<\/a>\n\t\t\t<\/h4>\n\t\t\t\t\t\t<div class='uagb-post__text uagb-post-grid-byline'>\n\t\t\t\t\t\t\t\t<time datetime=\"2025-09-03T10:14:43+02:00\" class=\"uagb-post__date\">\n\t\t\t\t<span class=\"dashicons-calendar dashicons\"><\/span>\t\t\t\t\t3 septiembre 2025\t\t\t\t<\/time>\n\t\t\t\t\t\t<\/div>\n\t\t\t\t\t\t<div class=\"uagb-post__text uagb-post__cta wp-block-button\">\n\t\t\t\t<a class=\"wp-block-button__link uagb-text-link\" href=\"https:\/\/blog.merco.info\/index.php\/2025\/09\/03\/osmosis-reputacional\/\" target=\"_self\" rel=\"bookmark noopener noreferrer\">Leer m\u00e1s<\/a>\n\t\t\t<\/div>\n\t\t\t\t\t\t\t\t\t\t\t\t<\/article>\n\t\t\t\t\t\t\t\t\t\t\t\t\t\t\t\t<article class=\"uagb-post__inner-wrap\">\t\t\t\t\t\t\t\t<div class='uagb-post__image'>\n\t\t\t\t\t\t\t\t\t<a href=\"https:\/\/blog.merco.info\/index.php\/2025\/06\/02\/miguel-solano-la-ia-esta-creciendo-exponencialmente-opacando-muchas-veces-a-las-otras-inteligencias-de-la-organizacion\/\" target=\"_self\" rel=\"bookmark noopener noreferrer\" class='uagb-image-ratio-inherit'><img loading=\"lazy\" width=\"640\" height=\"480\" src=\"https:\/\/blog.merco.info\/wp-content\/uploads\/2025\/06\/17.jpg\" class=\"attachment-large size-large\" alt=\"\" decoding=\"async\" srcset=\"https:\/\/blog.merco.info\/wp-content\/uploads\/2025\/06\/17.jpg 1024w, https:\/\/blog.merco.info\/wp-content\/uploads\/2025\/06\/17-300x225.jpg 300w, https:\/\/blog.merco.info\/wp-content\/uploads\/2025\/06\/17-768x576.jpg 768w\" sizes=\"(max-width: 640px) 100vw, 640px\" \/>\t\t\t\t\t<\/a>\n\t\t\t\t\t\t\t<\/div>\n\t\t\t\t\t\t<h4 class=\"uagb-post__title uagb-post__text\">\n\t\t\t\t<a href=\"https:\/\/blog.merco.info\/index.php\/2025\/06\/02\/miguel-solano-la-ia-esta-creciendo-exponencialmente-opacando-muchas-veces-a-las-otras-inteligencias-de-la-organizacion\/\" target=\"_self\" rel=\"bookmark noopener noreferrer\">Miguel Solano: \u00abLa IA est\u00e1 creciendo exponencialmente, opacando muchas veces a las otras inteligencias de la organizaci\u00f3n\u00bb<\/a>\n\t\t\t<\/h4>\n\t\t\t\t\t\t<div class='uagb-post__text uagb-post-grid-byline'>\n\t\t\t\t\t\t\t\t<time datetime=\"2025-06-02T17:37:20+02:00\" class=\"uagb-post__date\">\n\t\t\t\t<span class=\"dashicons-calendar dashicons\"><\/span>\t\t\t\t\t2 junio 2025\t\t\t\t<\/time>\n\t\t\t\t\t\t<\/div>\n\t\t\t\t\t\t<div class=\"uagb-post__text uagb-post__cta wp-block-button\">\n\t\t\t\t<a class=\"wp-block-button__link uagb-text-link\" href=\"https:\/\/blog.merco.info\/index.php\/2025\/06\/02\/miguel-solano-la-ia-esta-creciendo-exponencialmente-opacando-muchas-veces-a-las-otras-inteligencias-de-la-organizacion\/\" target=\"_self\" rel=\"bookmark noopener noreferrer\">Leer m\u00e1s<\/a>\n\t\t\t<\/div>\n\t\t\t\t\t\t\t\t\t\t\t\t<\/article>\n\t\t\t\t\t\t\t\t\t\t\t\t\t\t\t\t<article class=\"uagb-post__inner-wrap\">\t\t\t\t\t\t\t\t<div class='uagb-post__image'>\n\t\t\t\t\t\t\t\t\t<a href=\"https:\/\/blog.merco.info\/index.php\/2025\/03\/27\/jose-maria-san-segundo-la-reputacion-de-una-empresa-y-la-de-su-lider-estan-estrechamente-conectadas\/\" target=\"_self\" rel=\"bookmark noopener noreferrer\" class='uagb-image-ratio-inherit'><img loading=\"lazy\" width=\"640\" height=\"480\" src=\"https:\/\/blog.merco.info\/wp-content\/uploads\/2025\/03\/\u00bfTiene-la-empresa-privada-mejor-reputacion-que-la-publica-2.png\" class=\"attachment-large size-large\" alt=\"\" decoding=\"async\" srcset=\"https:\/\/blog.merco.info\/wp-content\/uploads\/2025\/03\/\u00bfTiene-la-empresa-privada-mejor-reputacion-que-la-publica-2.png 1024w, https:\/\/blog.merco.info\/wp-content\/uploads\/2025\/03\/\u00bfTiene-la-empresa-privada-mejor-reputacion-que-la-publica-2-300x225.png 300w, https:\/\/blog.merco.info\/wp-content\/uploads\/2025\/03\/\u00bfTiene-la-empresa-privada-mejor-reputacion-que-la-publica-2-768x576.png 768w\" sizes=\"(max-width: 640px) 100vw, 640px\" \/>\t\t\t\t\t<\/a>\n\t\t\t\t\t\t\t<\/div>\n\t\t\t\t\t\t<h4 class=\"uagb-post__title uagb-post__text\">\n\t\t\t\t<a href=\"https:\/\/blog.merco.info\/index.php\/2025\/03\/27\/jose-maria-san-segundo-la-reputacion-de-una-empresa-y-la-de-su-lider-estan-estrechamente-conectadas\/\" target=\"_self\" rel=\"bookmark noopener noreferrer\">Jos\u00e9 Mar\u00eda San Segundo: \u00abLa reputaci\u00f3n de una empresa y la de su l\u00edder est\u00e1n estrechamente conectadas\u00bb<\/a>\n\t\t\t<\/h4>\n\t\t\t\t\t\t<div class='uagb-post__text uagb-post-grid-byline'>\n\t\t\t\t\t\t\t\t<time datetime=\"2025-03-27T13:43:38+01:00\" class=\"uagb-post__date\">\n\t\t\t\t<span class=\"dashicons-calendar dashicons\"><\/span>\t\t\t\t\t27 marzo 2025\t\t\t\t<\/time>\n\t\t\t\t\t\t<\/div>\n\t\t\t\t\t\t<div class=\"uagb-post__text uagb-post__cta wp-block-button\">\n\t\t\t\t<a class=\"wp-block-button__link uagb-text-link\" href=\"https:\/\/blog.merco.info\/index.php\/2025\/03\/27\/jose-maria-san-segundo-la-reputacion-de-una-empresa-y-la-de-su-lider-estan-estrechamente-conectadas\/\" target=\"_self\" rel=\"bookmark noopener noreferrer\">Leer m\u00e1s<\/a>\n\t\t\t<\/div>\n\t\t\t\t\t\t\t\t\t\t\t\t<\/article>\n\t\t\t\t\t\t\t\t\t\t\t\t\t\t\t\t<article class=\"uagb-post__inner-wrap\">\t\t\t\t\t\t\t\t<div class='uagb-post__image'>\n\t\t\t\t\t\t\t\t\t<a href=\"https:\/\/blog.merco.info\/index.php\/2025\/01\/07\/jose-maria-san-segundo-la-comunicacion-efectiva-se-convierte-en-un-activo-estrategico-y-diferenciador\/\" target=\"_self\" rel=\"bookmark noopener noreferrer\" class='uagb-image-ratio-inherit'><img loading=\"lazy\" width=\"640\" height=\"480\" src=\"https:\/\/blog.merco.info\/wp-content\/uploads\/2025\/01\/\u00bfTiene-la-empresa-privada-mejor-reputacion-que-la-publica.png\" class=\"attachment-large size-large\" alt=\"\" decoding=\"async\" srcset=\"https:\/\/blog.merco.info\/wp-content\/uploads\/2025\/01\/\u00bfTiene-la-empresa-privada-mejor-reputacion-que-la-publica.png 1024w, https:\/\/blog.merco.info\/wp-content\/uploads\/2025\/01\/\u00bfTiene-la-empresa-privada-mejor-reputacion-que-la-publica-300x225.png 300w, https:\/\/blog.merco.info\/wp-content\/uploads\/2025\/01\/\u00bfTiene-la-empresa-privada-mejor-reputacion-que-la-publica-768x576.png 768w\" sizes=\"(max-width: 640px) 100vw, 640px\" \/>\t\t\t\t\t<\/a>\n\t\t\t\t\t\t\t<\/div>\n\t\t\t\t\t\t<h4 class=\"uagb-post__title uagb-post__text\">\n\t\t\t\t<a href=\"https:\/\/blog.merco.info\/index.php\/2025\/01\/07\/jose-maria-san-segundo-la-comunicacion-efectiva-se-convierte-en-un-activo-estrategico-y-diferenciador\/\" target=\"_self\" rel=\"bookmark noopener noreferrer\">Jos\u00e9 Mar\u00eda San Segundo: \u00abLa comunicaci\u00f3n efectiva se convierte en un activo estrat\u00e9gico y diferenciador\u00bb<\/a>\n\t\t\t<\/h4>\n\t\t\t\t\t\t<div class='uagb-post__text uagb-post-grid-byline'>\n\t\t\t\t\t\t\t\t<time datetime=\"2025-01-07T12:01:47+01:00\" class=\"uagb-post__date\">\n\t\t\t\t<span class=\"dashicons-calendar dashicons\"><\/span>\t\t\t\t\t7 enero 2025\t\t\t\t<\/time>\n\t\t\t\t\t\t<\/div>\n\t\t\t\t\t\t<div class=\"uagb-post__text uagb-post__cta wp-block-button\">\n\t\t\t\t<a class=\"wp-block-button__link uagb-text-link\" href=\"https:\/\/blog.merco.info\/index.php\/2025\/01\/07\/jose-maria-san-segundo-la-comunicacion-efectiva-se-convierte-en-un-activo-estrategico-y-diferenciador\/\" target=\"_self\" rel=\"bookmark noopener noreferrer\">Leer m\u00e1s<\/a>\n\t\t\t<\/div>\n\t\t\t\t\t\t\t\t\t\t\t\t<\/article>\n\t\t\t\t\t\t\t\t\t\t\t\t\t\t\t\t<article class=\"uagb-post__inner-wrap\">\t\t\t\t\t\t\t\t<div class='uagb-post__image'>\n\t\t\t\t\t\t\t\t\t<a href=\"https:\/\/blog.merco.info\/index.php\/2024\/12\/20\/por-que-las-empresas-con-equidad-de-genero-son-mas-innovadoras-y-sostenibles\/\" target=\"_self\" rel=\"bookmark noopener noreferrer\" class='uagb-image-ratio-inherit'><img loading=\"lazy\" width=\"640\" height=\"480\" src=\"https:\/\/blog.merco.info\/wp-content\/uploads\/2024\/12\/\u00bfTiene-la-empresa-privada-mejor-reputacion-que-la-publica-1.png\" class=\"attachment-large size-large\" alt=\"\" decoding=\"async\" srcset=\"https:\/\/blog.merco.info\/wp-content\/uploads\/2024\/12\/\u00bfTiene-la-empresa-privada-mejor-reputacion-que-la-publica-1.png 1024w, https:\/\/blog.merco.info\/wp-content\/uploads\/2024\/12\/\u00bfTiene-la-empresa-privada-mejor-reputacion-que-la-publica-1-300x225.png 300w, https:\/\/blog.merco.info\/wp-content\/uploads\/2024\/12\/\u00bfTiene-la-empresa-privada-mejor-reputacion-que-la-publica-1-768x576.png 768w\" sizes=\"(max-width: 640px) 100vw, 640px\" \/>\t\t\t\t\t<\/a>\n\t\t\t\t\t\t\t<\/div>\n\t\t\t\t\t\t<h4 class=\"uagb-post__title uagb-post__text\">\n\t\t\t\t<a href=\"https:\/\/blog.merco.info\/index.php\/2024\/12\/20\/por-que-las-empresas-con-equidad-de-genero-son-mas-innovadoras-y-sostenibles\/\" target=\"_self\" rel=\"bookmark noopener noreferrer\">Catalina Londo\u00f1o: \u00abEl liderazgo femenino no busca reemplazar al masculino, sino complementarlo\u00bb<\/a>\n\t\t\t<\/h4>\n\t\t\t\t\t\t<div class='uagb-post__text uagb-post-grid-byline'>\n\t\t\t\t\t\t\t\t<time datetime=\"2024-12-20T11:53:08+01:00\" class=\"uagb-post__date\">\n\t\t\t\t<span class=\"dashicons-calendar dashicons\"><\/span>\t\t\t\t\t20 diciembre 2024\t\t\t\t<\/time>\n\t\t\t\t\t\t<\/div>\n\t\t\t\t\t\t<div class=\"uagb-post__text uagb-post__cta wp-block-button\">\n\t\t\t\t<a class=\"wp-block-button__link uagb-text-link\" href=\"https:\/\/blog.merco.info\/index.php\/2024\/12\/20\/por-que-las-empresas-con-equidad-de-genero-son-mas-innovadoras-y-sostenibles\/\" target=\"_self\" rel=\"bookmark noopener noreferrer\">Leer m\u00e1s<\/a>\n\t\t\t<\/div>\n\t\t\t\t\t\t\t\t\t\t\t\t<\/article>\n\t\t\t\t\t\t\t\t\t\t\t\t\t\t\t\t<article class=\"uagb-post__inner-wrap\">\t\t\t\t\t\t\t\t<div class='uagb-post__image'>\n\t\t\t\t\t\t\t\t\t<a href=\"https:\/\/blog.merco.info\/index.php\/2024\/10\/04\/la-reputacion-corporativa-en-la-planificacion-estrategica\/\" target=\"_self\" rel=\"bookmark noopener noreferrer\" class='uagb-image-ratio-inherit'><img loading=\"lazy\" width=\"640\" height=\"480\" src=\"https:\/\/blog.merco.info\/wp-content\/uploads\/2024\/10\/\u00bfTiene-la-empresa-privada-mejor-reputacion-que-la-publica-3.png\" class=\"attachment-large size-large\" alt=\"\" decoding=\"async\" srcset=\"https:\/\/blog.merco.info\/wp-content\/uploads\/2024\/10\/\u00bfTiene-la-empresa-privada-mejor-reputacion-que-la-publica-3.png 1024w, https:\/\/blog.merco.info\/wp-content\/uploads\/2024\/10\/\u00bfTiene-la-empresa-privada-mejor-reputacion-que-la-publica-3-300x225.png 300w, https:\/\/blog.merco.info\/wp-content\/uploads\/2024\/10\/\u00bfTiene-la-empresa-privada-mejor-reputacion-que-la-publica-3-768x576.png 768w\" sizes=\"(max-width: 640px) 100vw, 640px\" \/>\t\t\t\t\t<\/a>\n\t\t\t\t\t\t\t<\/div>\n\t\t\t\t\t\t<h4 class=\"uagb-post__title uagb-post__text\">\n\t\t\t\t<a href=\"https:\/\/blog.merco.info\/index.php\/2024\/10\/04\/la-reputacion-corporativa-en-la-planificacion-estrategica\/\" target=\"_self\" rel=\"bookmark noopener noreferrer\">La reputaci\u00f3n corporativa en la planificaci\u00f3n estrat\u00e9gica<\/a>\n\t\t\t<\/h4>\n\t\t\t\t\t\t<div class='uagb-post__text uagb-post-grid-byline'>\n\t\t\t\t\t\t\t\t<time datetime=\"2024-10-04T11:22:39+02:00\" class=\"uagb-post__date\">\n\t\t\t\t<span class=\"dashicons-calendar dashicons\"><\/span>\t\t\t\t\t4 octubre 2024\t\t\t\t<\/time>\n\t\t\t\t\t\t<\/div>\n\t\t\t\t\t\t<div class=\"uagb-post__text uagb-post__cta wp-block-button\">\n\t\t\t\t<a class=\"wp-block-button__link uagb-text-link\" href=\"https:\/\/blog.merco.info\/index.php\/2024\/10\/04\/la-reputacion-corporativa-en-la-planificacion-estrategica\/\" target=\"_self\" rel=\"bookmark noopener noreferrer\">Leer m\u00e1s<\/a>\n\t\t\t<\/div>\n\t\t\t\t\t\t\t\t\t\t\t\t<\/article>\n\t\t\t\t\t\t\t\t\t\t\t\t\t\t\t\t<article class=\"uagb-post__inner-wrap\">\t\t\t\t\t\t\t\t<div class='uagb-post__image'>\n\t\t\t\t\t\t\t\t\t<a href=\"https:\/\/blog.merco.info\/index.php\/2024\/08\/06\/lylian-brandao-ceo-de-merco-en-brasil-el-crecimiento-de-las-mujeres-en-puestos-de-liderazgo-aporta-importantes-beneficios\/\" target=\"_self\" rel=\"bookmark noopener noreferrer\" class='uagb-image-ratio-inherit'><img loading=\"lazy\" width=\"640\" height=\"480\" src=\"https:\/\/blog.merco.info\/wp-content\/uploads\/2024\/08\/\u00bfTiene-la-empresa-privada-mejor-reputacion-que-la-publica.png\" class=\"attachment-large size-large\" alt=\"\" decoding=\"async\" srcset=\"https:\/\/blog.merco.info\/wp-content\/uploads\/2024\/08\/\u00bfTiene-la-empresa-privada-mejor-reputacion-que-la-publica.png 1024w, https:\/\/blog.merco.info\/wp-content\/uploads\/2024\/08\/\u00bfTiene-la-empresa-privada-mejor-reputacion-que-la-publica-300x225.png 300w, https:\/\/blog.merco.info\/wp-content\/uploads\/2024\/08\/\u00bfTiene-la-empresa-privada-mejor-reputacion-que-la-publica-768x576.png 768w\" sizes=\"(max-width: 640px) 100vw, 640px\" \/>\t\t\t\t\t<\/a>\n\t\t\t\t\t\t\t<\/div>\n\t\t\t\t\t\t<h4 class=\"uagb-post__title uagb-post__text\">\n\t\t\t\t<a href=\"https:\/\/blog.merco.info\/index.php\/2024\/08\/06\/lylian-brandao-ceo-de-merco-en-brasil-el-crecimiento-de-las-mujeres-en-puestos-de-liderazgo-aporta-importantes-beneficios\/\" target=\"_self\" rel=\"bookmark noopener noreferrer\">Lylian Brand\u00e3o, CEO de Merco en Brasil: \u00abEl crecimiento de las mujeres en puestos de liderazgo aporta importantes beneficios\u00bb<\/a>\n\t\t\t<\/h4>\n\t\t\t\t\t\t<div class='uagb-post__text uagb-post-grid-byline'>\n\t\t\t\t\t\t\t\t<time datetime=\"2024-08-06T13:15:19+02:00\" class=\"uagb-post__date\">\n\t\t\t\t<span class=\"dashicons-calendar dashicons\"><\/span>\t\t\t\t\t6 agosto 2024\t\t\t\t<\/time>\n\t\t\t\t\t\t<\/div>\n\t\t\t\t\t\t<div class=\"uagb-post__text uagb-post__cta wp-block-button\">\n\t\t\t\t<a class=\"wp-block-button__link uagb-text-link\" href=\"https:\/\/blog.merco.info\/index.php\/2024\/08\/06\/lylian-brandao-ceo-de-merco-en-brasil-el-crecimiento-de-las-mujeres-en-puestos-de-liderazgo-aporta-importantes-beneficios\/\" target=\"_self\" rel=\"bookmark noopener noreferrer\">Leer m\u00e1s<\/a>\n\t\t\t<\/div>\n\t\t\t\t\t\t\t\t\t\t\t\t<\/article>\n\t\t\t\t\t\t\t\t\t\t\t\t\t\t\t\t<article class=\"uagb-post__inner-wrap\">\t\t\t\t\t\t\t\t<div class='uagb-post__image'>\n\t\t\t\t\t\t\t\t\t<a href=\"https:\/\/blog.merco.info\/index.php\/2024\/07\/31\/lylian-brandao-ceo-da-merco-no-brasil-o-crescimento-das-mulheres-em-posicoes-de-lideranca-traz-beneficios-importantes\/\" target=\"_self\" rel=\"bookmark noopener noreferrer\" class='uagb-image-ratio-inherit'><img loading=\"lazy\" width=\"640\" height=\"480\" src=\"https:\/\/blog.merco.info\/wp-content\/uploads\/2024\/07\/lylian.png\" class=\"attachment-large size-large\" alt=\"\" decoding=\"async\" srcset=\"https:\/\/blog.merco.info\/wp-content\/uploads\/2024\/07\/lylian.png 1024w, https:\/\/blog.merco.info\/wp-content\/uploads\/2024\/07\/lylian-300x225.png 300w, https:\/\/blog.merco.info\/wp-content\/uploads\/2024\/07\/lylian-768x576.png 768w\" sizes=\"(max-width: 640px) 100vw, 640px\" \/>\t\t\t\t\t<\/a>\n\t\t\t\t\t\t\t<\/div>\n\t\t\t\t\t\t<h4 class=\"uagb-post__title uagb-post__text\">\n\t\t\t\t<a href=\"https:\/\/blog.merco.info\/index.php\/2024\/07\/31\/lylian-brandao-ceo-da-merco-no-brasil-o-crescimento-das-mulheres-em-posicoes-de-lideranca-traz-beneficios-importantes\/\" target=\"_self\" rel=\"bookmark noopener noreferrer\">Lylian Brand\u00e3o, CEO da Merco no Brasil: \u00abO crescimento das mulheres em posi\u00e7\u00f5es de lideran\u00e7a traz benef\u00edcios importantes\u00bb<\/a>\n\t\t\t<\/h4>\n\t\t\t\t\t\t<div class='uagb-post__text uagb-post-grid-byline'>\n\t\t\t\t\t\t\t\t<time datetime=\"2024-07-31T13:03:28+02:00\" class=\"uagb-post__date\">\n\t\t\t\t<span class=\"dashicons-calendar dashicons\"><\/span>\t\t\t\t\t31 julio 2024\t\t\t\t<\/time>\n\t\t\t\t\t\t<\/div>\n\t\t\t\t\t\t<div class=\"uagb-post__text uagb-post__cta wp-block-button\">\n\t\t\t\t<a class=\"wp-block-button__link uagb-text-link\" href=\"https:\/\/blog.merco.info\/index.php\/2024\/07\/31\/lylian-brandao-ceo-da-merco-no-brasil-o-crescimento-das-mulheres-em-posicoes-de-lideranca-traz-beneficios-importantes\/\" target=\"_self\" rel=\"bookmark noopener noreferrer\">Leer m\u00e1s<\/a>\n\t\t\t<\/div>\n\t\t\t\t\t\t\t\t\t\t\t\t<\/article>\n\t\t\t\t\t\t\t\t\t\t\t\t\t\t\t\t<article class=\"uagb-post__inner-wrap\">\t\t\t\t\t\t\t\t<div class='uagb-post__image'>\n\t\t\t\t\t\t\t\t\t<a href=\"https:\/\/blog.merco.info\/index.php\/2024\/05\/23\/roque-sevilla-presidente-de-grupo-futuro-la-clave-para-liderar-equipos-de-alto-desempeno-es-la-confianza\/\" target=\"_self\" rel=\"bookmark noopener noreferrer\" class='uagb-image-ratio-inherit'><img loading=\"lazy\" width=\"640\" height=\"480\" src=\"https:\/\/blog.merco.info\/wp-content\/uploads\/2024\/05\/Roque-Sevilla.jpg\" class=\"attachment-large size-large\" alt=\"\" decoding=\"async\" srcset=\"https:\/\/blog.merco.info\/wp-content\/uploads\/2024\/05\/Roque-Sevilla.jpg 1024w, https:\/\/blog.merco.info\/wp-content\/uploads\/2024\/05\/Roque-Sevilla-300x225.jpg 300w, https:\/\/blog.merco.info\/wp-content\/uploads\/2024\/05\/Roque-Sevilla-768x576.jpg 768w\" sizes=\"(max-width: 640px) 100vw, 640px\" \/>\t\t\t\t\t<\/a>\n\t\t\t\t\t\t\t<\/div>\n\t\t\t\t\t\t<h4 class=\"uagb-post__title uagb-post__text\">\n\t\t\t\t<a href=\"https:\/\/blog.merco.info\/index.php\/2024\/05\/23\/roque-sevilla-presidente-de-grupo-futuro-la-clave-para-liderar-equipos-de-alto-desempeno-es-la-confianza\/\" target=\"_self\" rel=\"bookmark noopener noreferrer\">Roque Sevilla, presidente de Grupo Futuro: \u00abLa clave para liderar equipos de alto desempe\u00f1o es la confianza\u00bb<\/a>\n\t\t\t<\/h4>\n\t\t\t\t\t\t<div class='uagb-post__text uagb-post-grid-byline'>\n\t\t\t\t\t\t\t\t<time datetime=\"2024-05-23T11:24:25+02:00\" class=\"uagb-post__date\">\n\t\t\t\t<span class=\"dashicons-calendar dashicons\"><\/span>\t\t\t\t\t23 mayo 2024\t\t\t\t<\/time>\n\t\t\t\t\t\t<\/div>\n\t\t\t\t\t\t<div class=\"uagb-post__text uagb-post__cta wp-block-button\">\n\t\t\t\t<a class=\"wp-block-button__link uagb-text-link\" href=\"https:\/\/blog.merco.info\/index.php\/2024\/05\/23\/roque-sevilla-presidente-de-grupo-futuro-la-clave-para-liderar-equipos-de-alto-desempeno-es-la-confianza\/\" target=\"_self\" rel=\"bookmark noopener noreferrer\">Leer m\u00e1s<\/a>\n\t\t\t<\/div>\n\t\t\t\t\t\t\t\t\t\t\t\t<\/article>\n\t\t\t\t\t\t\t\t\t\t\t\t\t\t\t\t<article class=\"uagb-post__inner-wrap\">\t\t\t\t\t\t\t\t<div class='uagb-post__image'>\n\t\t\t\t\t\t\t\t\t<a href=\"https:\/\/blog.merco.info\/index.php\/2024\/05\/20\/elena-orden-responsable-de-merco-talento-espana-construir-una-solida-marca-empleadora-impulsa-el-exito-empresarial\/\" target=\"_self\" rel=\"bookmark noopener noreferrer\" class='uagb-image-ratio-inherit'><img loading=\"lazy\" width=\"640\" height=\"480\" src=\"https:\/\/blog.merco.info\/wp-content\/uploads\/2024\/05\/\u00bfTiene-la-empresa-privada-mejor-reputacion-que-la-publica.jpg\" class=\"attachment-large size-large\" alt=\"\" decoding=\"async\" srcset=\"https:\/\/blog.merco.info\/wp-content\/uploads\/2024\/05\/\u00bfTiene-la-empresa-privada-mejor-reputacion-que-la-publica.jpg 1024w, https:\/\/blog.merco.info\/wp-content\/uploads\/2024\/05\/\u00bfTiene-la-empresa-privada-mejor-reputacion-que-la-publica-300x225.jpg 300w, https:\/\/blog.merco.info\/wp-content\/uploads\/2024\/05\/\u00bfTiene-la-empresa-privada-mejor-reputacion-que-la-publica-768x576.jpg 768w\" sizes=\"(max-width: 640px) 100vw, 640px\" \/>\t\t\t\t\t<\/a>\n\t\t\t\t\t\t\t<\/div>\n\t\t\t\t\t\t<h4 class=\"uagb-post__title uagb-post__text\">\n\t\t\t\t<a href=\"https:\/\/blog.merco.info\/index.php\/2024\/05\/20\/elena-orden-responsable-de-merco-talento-espana-construir-una-solida-marca-empleadora-impulsa-el-exito-empresarial\/\" target=\"_self\" rel=\"bookmark noopener noreferrer\">Elena Orden, responsable de Merco Talento Espa\u00f1a: \u00abConstruir una s\u00f3lida marca empleadora impulsa el \u00e9xito empresarial\u00bb<\/a>\n\t\t\t<\/h4>\n\t\t\t\t\t\t<div class='uagb-post__text uagb-post-grid-byline'>\n\t\t\t\t\t\t\t\t<time datetime=\"2024-05-20T10:07:43+02:00\" class=\"uagb-post__date\">\n\t\t\t\t<span class=\"dashicons-calendar dashicons\"><\/span>\t\t\t\t\t20 mayo 2024\t\t\t\t<\/time>\n\t\t\t\t\t\t<\/div>\n\t\t\t\t\t\t<div class=\"uagb-post__text uagb-post__cta wp-block-button\">\n\t\t\t\t<a class=\"wp-block-button__link uagb-text-link\" href=\"https:\/\/blog.merco.info\/index.php\/2024\/05\/20\/elena-orden-responsable-de-merco-talento-espana-construir-una-solida-marca-empleadora-impulsa-el-exito-empresarial\/\" target=\"_self\" rel=\"bookmark noopener noreferrer\">Leer m\u00e1s<\/a>\n\t\t\t<\/div>\n\t\t\t\t\t\t\t\t\t\t\t\t<\/article>\n\t\t\t\t\t\t\t\t\t\t\t\t\t<div class=\"uagb-post-pagination-wrap\">\n\t\t\t\t\t\t<span aria-current=\"page\" class=\"page-numbers current\">1<\/span>\n<a class=\"page-numbers\" href=\"https:\/\/blog.merco.info\/index.php\/wp-json\/wp\/v2\/pages\/385\/page\/2\/\">2<\/a>\n<a class=\"next page-numbers\" href=\"https:\/\/blog.merco.info\/index.php\/wp-json\/wp\/v2\/pages\/385\/page\/2\/\">Next \u00bb<\/a>\t\t\t\t\t<\/div>\n\t\t\t\t\t\t\t\t<\/div>\n\t\t\t<\/div><\/div>\n<\/div><\/div>\n\n\n\n<div class=\"wp-block-group alignfull is-layout-flow wp-block-group-is-layout-flow\"><div class=\"wp-block-group__inner-container\">\n<div class=\"wp-block-columns is-layout-flex wp-container-3 wp-block-columns-is-layout-flex\"><\/div>\n<\/div><\/div>\n<\/div><\/div>\n","protected":false},"excerpt":{"rendered":"","protected":false},"author":2,"featured_media":0,"parent":0,"menu_order":0,"comment_status":"closed","ping_status":"closed","template":"","meta":{"_uag_custom_page_level_css":"","footnotes":""},"uagb_featured_image_src":{"full":false,"thumbnail":false,"medium":false,"medium_large":false,"large":false,"1536x1536":false,"2048x2048":false,"fairy-large":false,"fairy-medium":false},"uagb_author_info":{"display_name":"Merco","author_link":"https:\/\/blog.merco.info\/index.php\/author\/merco\/"},"uagb_comment_info":0,"uagb_excerpt":null,"_links":{"self":[{"href":"https:\/\/blog.merco.info\/index.php\/wp-json\/wp\/v2\/pages\/385"}],"collection":[{"href":"https:\/\/blog.merco.info\/index.php\/wp-json\/wp\/v2\/pages"}],"about":[{"href":"https:\/\/blog.merco.info\/index.php\/wp-json\/wp\/v2\/types\/page"}],"author":[{"embeddable":true,"href":"https:\/\/blog.merco.info\/index.php\/wp-json\/wp\/v2\/users\/2"}],"replies":[{"embeddable":true,"href":"https:\/\/blog.merco.info\/index.php\/wp-json\/wp\/v2\/comments?post=385"}],"version-history":[{"count":34,"href":"https:\/\/blog.merco.info\/index.php\/wp-json\/wp\/v2\/pages\/385\/revisions"}],"predecessor-version":[{"id":1192,"href":"https:\/\/blog.merco.info\/index.php\/wp-json\/wp\/v2\/pages\/385\/revisions\/1192"}],"wp:attachment":[{"href":"https:\/\/blog.merco.info\/index.php\/wp-json\/wp\/v2\/media?parent=385"}],"curies":[{"name":"wp","href":"https:\/\/api.w.org\/{rel}","templated":true}]}}